at is the units digit of f?
2
Let i be (4/3)/((-3)/(-18)). Let x be (-2)/i - 34/(-8). Let c(d) = 3*d - 4. What is the units digit of c(x)?
8
Let p(k) = 0*k**2 + 2*k - 2*k**2 + 9*k**2 + 0*k**2. What is the tens digit of p(-2)?
2
Suppose 0 = 3*z - 10*q + 11*q - 314, z = -q + 104. What is the units digit of z?
5
Let t(b) = b**2 - 7*b + 11. Let c(x) = x**3 - 9*x**2 + 8. Let z be c(9). What is the tens digit of t(z)?
1
Suppose -4*i + 8*i = 176. What is the tens digit of i?
4
Let t = 27 - 13. What is the units digit of t?
4
Suppose -2*t = -2*w - 7*t - 17, -10 = 2*t. Let r = -6 + 10. Suppose 3*c + r = -w*a - 3, -4*c + 4*a = -28. What is the units digit of c?
3
Let a = 14 + -24. Let o(b) = b**3 - 11*b**2 - b - 3. Let d be o(11). Let n = a - d. What is the units digit of n?
4
Let u = -10 + -4. Let r = -47 + -176. What is the units digit of u/91 + r/(-13)?
7
Let o be (-2)/7 - 216/28. What is the units digit of o*(-1)/(4 - 3)?
8
Suppose 0 = h + 2*h - 33. Let a = h - -19. What is the tens digit of a?
3
Let u be -4 - -3 - (20 + 1). Let b be 53/11 - 4/u. Suppose 5*d + 29 = 4*f + 12, -b*f - 2*d = -13. What is the units digit of f?
3
Suppose 0 = -2*b + 2*l - 70 + 202, 2*b - 4*l = 134. What is the tens digit of b?
6
Let j(l) = -l**3 - 9*l**2 + 5*l - 1. What is the units digit of j(-10)?
9
Let m = 106 + -4. What is the units digit of m?
2
Let y(v) = -v**2 - 12*v - 11. Let c be y(-11). Let p(x) = -x - 16. Let l be p(c). Let h = -6 - l. What is the units digit of h?
0
Let p = -1 - -1. Let l = -1 - -2. Let u = l - p. What is the units digit of u?
1
Let o(w) = -w**2 + 5*w + 1. Let t be o(4). Suppose 5*x - y - 5 = -t*y, -x = -y - 10. What is the units digit of x?
5
Let x(w) = w**3 - 6*w**2 + w - 2. Let y be x(6). Suppose -4*z - 4 = -3*k, 3*z = k + z - y. What is the units digit of 6/2 + (0 - k)?
7
Let a(q) = q**3 - 2*q**2 + q + 4. Suppose 11 = 4*b - 9. Let w be a(b). What is the units digit of w/4*2/6?
7
Let x(j) = j**3 - j**2 + j + 5. What is the units digit of x(0)?
5
Let l be (-3 - (2 - 5))/2. Suppose 3*p - 98 = -n - n, 2*p + n - 65 = l. What is the units digit of p?
2
Let n(o) = 2*o - 6. Let c be n(4). Let y(k) = -4 - c - k - k + 2. What is the units digit of y(-4)?
4
Let j(r) = -6*r + 1. Let v be j(1). What is the units digit of ((-4)/(-10))/((-1)/v)?
2
Let t = -1 + 4. Let u be (2/(-6))/(t/(-18)). Let w = 5 + u. What is the units digit of w?
7
Suppose -10 = 2*n - 210. Suppose 14*x = 9*x + n. What is the units digit of x?
0
Let g be -6*-4*(-2)/(-12). Suppose 12 = 4*u + g. Suppose 35 = u*p + 3*p. What is the units digit of p?
7
Suppose 0 = -6*r + 3*r + 141. Suppose -r + 17 = -3*s. What is the tens digit of s?
1
Let y(x) = 5*x - 5. Let j be y(4). Suppose -4*c = -17 - j. What is the units digit of c?
8
Suppose -2*l - 40 = -4*l. What is the tens digit of l?
2
Let u(x) = -x. Let t be u(0). Let l(i) = i**3 - 6*i**2 - 4*i - 9. Let q be l(7). Suppose t = -0*b - 2*b + q. What is the units digit of b?
6
Let i(z) = -z**2 + 4*z - 2. Let k(w) = w**3 + 7*w**2 - 2*w - 10. Let h be k(-7). Let a be i(h). What is the units digit of (-1 - a) + 4/2?
3
Let d(q) = q. Suppose -2*k + 24 = 5*c + 1, -4*k = c - 19. Let l be d(k). Suppose -m - l*m = -45. What is the units digit of m?
9
Suppose 5*y = -3*w + 9, -8 = -3*y + y + w. Suppose -5*z + 6 = -n, -18 = -y*n - 2*z - 2. Let f(k) = k - 2. What is the units digit of f(n)?
2
Suppose 2*j = 155 - 7. What is the units digit of j?
4
Let i(l) = -l**3 - 7*l**2 + 9*l + 12. Let c be i(-8). Suppose 0 = -c*t + t + 30. Suppose -5*j + 75 = t. What is the tens digit of j?
1
Let d = 5 - 9. Let b(l) = l**2 + 3*l + 4. What is the units digit of b(d)?
8
Let d(m) = 47*m**2 + 2*m. What is the tens digit of d(-1)?
4
Suppose 5*l - 1 - 9 = 0. Suppose -5*k - 20 = 2*j, k + 3*k + 33 = -5*j. What is the units digit of ((-3)/l)/(k/20)?
5
Suppose 3*p = -3*f - 3, 0 = 5*f + 4*p - p - 5. What is the units digit of f/14 - (-1328)/56?
4
Let z = 288 - 178. What is the units digit of z?
0
Suppose -3 = -3*j + 5*x, 5*j + x - 39 = -2*x. What is the units digit of j?
6
Suppose 18 = -4*x + x. Let q = x - -2. What is the units digit of 90/21 + q/14?
4
Suppose 2*b + 0*b - 10 = 0. Suppose b*p + 4 = -u - 6, 2*p + 6 = 0. What is the units digit of u?
5
Let f be 2 + -4 + 10 + -4. Let s = f + -2. What is the units digit of s?
2
Let d(y) = -y**3 - 7*y**2 + 6*y + 19. Let k = -28 + 20. What is the units digit of d(k)?
5
Suppose 0 = 3*t - v - 887, 4*v - v + 897 = 3*t. What is the tens digit of t?
9
Let v = 680 - 463. What is the units digit of v?
7
Let d be (3 + -1)/(1/(-2)). Let k(z) = -z**3 - 4*z**2 + z + 4. Let o be k(d). Let f(i) = -i + 5. What is the units digit of f(o)?
5
Let w(f) = 22*f**3 - f**2 + 1. Let s be w(1). Suppose -g + s = -3*v + 2, 3*g = 4*v + 35. Let a(p) = p + 6. What is the units digit of a(v)?
1
Suppose -m + 0*m = -2*a + 76, 4*m = 2*a - 70. Let h = 65 - a. What is the units digit of h?
6
What is the tens digit of ((-40)/5)/(2/(-32))?
2
Let l = 301 + -209. Suppose -5*m + 3*q - l + 230 = 0, 59 = 2*m - 5*q. Suppose 6*v - 6 = 3*v + w, -5*w + m = 4*v. What is the units digit of v?
3
Suppose -p - 2*b = -7, 3*p + p - 4*b - 16 = 0. Suppose 4*m + 14 = 2*v, p*v + 5*m - 9 = 2*m. What is the units digit of v?
3
Let l(x) = -x**3 - x**2 + 7*x + 5. What is the units digit of l(-4)?
5
Let b(j) = j**2 + 3*j + 40. What is the tens digit of b(0)?
4
Let z(m) = 8*m**2 - 2*m + 3. What is the units digit of z(2)?
1
Let v(x) = -x**3 + 5*x**2 + 4*x - 9. Let h be v(6). What is the units digit of h/2*(-6)/9?
7
Let d(c) = -c + 17. What is the tens digit of d(-6)?
2
What is the units digit of (3/(-6))/((-1)/142)?
1
Let d(q) be the third derivative of -q**4/24 + 2*q**3 - 2*q**2. Let r be d(8). Suppose r*o = i + 83 - 5, 4*o = 4*i + 72. What is the tens digit of o?
2
Let p(r) = 3*r**2. Let i be p(-1). Let s(z) be the first derivative of -z**4/4 + 2*z**3/3 + 3*z**2/2 + 4*z + 1. What is the units digit of s(i)?
4
Suppose -3*w - 4*r + 146 = 0, 5*r = -5*w + 91 + 154. What is the units digit of w?
0
Let v = -8 - 12. What is the units digit of (v/(-16))/(1/24)?
0
Let y = -103 + 173. What is the tens digit of y?
7
What is the units digit of (4/3)/((-2)/(-363))?
2
Let s = 350 - 228. What is the tens digit of s?
2
Let c = 106 + 10. What is the units digit of c?
6
Let w = 32 + -47. Let o = w - -60. Suppose 3*r + 2*p + 42 = 7*r, 0 = -4*r + 3*p + o. What is the units digit of r?
9
What is the units digit of (-36)/48*(1 + -2)*148?
1
Suppose -3*q - 9 = 0, 4*m + 19 + 52 = -q. Let f be 795/20 - 6/8. Let u = m + f. What is the units digit of u?
2
Let i(y) = y**3 - 7*y**2 + 6*y + 1. Let g = 6 - 0. Let a be i(g). What is the units digit of 6*a/4*2?
3
Suppose 23 = 3*l - 2*u - 2, -16 = -4*u. What is the units digit of l?
1
Let z(w) = 7*w - 17. What is the units digit of z(7)?
2
Suppose 0*c = -2*c + 6. What is the units digit of c?
3
Suppose -m + 2*m + 3*a - 292 = 0, -1133 = -4*m - 5*a. What is the units digit of m?
7
Suppose 3*c + 5*i = 301, -4*c + 382 = -i - 2*i. What is the units digit of c?
7
Let r(f) be the first derivative of -f**4/4 + 2*f**3 - 2*f**2 - 3*f - 7. What is the units digit of r(5)?
2
Let f be 2 - (-8 - (-2)/(-2)). Let g = f + -7. Suppose -3*l - 3*x + 26 = -8*x, -g*x = l - 20. What is the tens digit of l?
1
Let g = 345 - -63. What is the hundreds digit of g?
4
Let g = -145 - -101. Let a = g + 67. What is the units digit of a?
3
Suppose 0*u + 4*u = 0. Suppose 3*l + u*l = -3. What is the units digit of (-2 - l) + 6 + -3?
2
Let l(i) = i**3 + 10*i**2 - 4*i - 35. What is the tens digit of l(-9)?
8
Suppose 2*a - 18 = 174. What is the units digit of a?
6
Let h(z) be the third derivative of z**5/60 - 5*z**4/12 - 5*z**3/3 - 2*z**2. What is the units digit of h(11)?
1
Suppose -3*u - u + 16 = 0. Suppose -u*p + p = -6. Suppose -14 = -p*b + 12. What is the units digit of b?
3
Let l(d) = 118*d - 1. What is the tens digit of l(3)?
5
Let j be (-9)/(-15) - (-51)/15. Suppose 3*p = 3*x + p - 15, j*p = -3*x + 33. What is the units digit of x?
7
Let z(a) = a**3 + 3*a**2 + 4. Let l be z(-3). What is the units digit of l/(-4) + 1 + 4?
4
Let p = -4 - -13. Let u(c) = -c**3. Let d be u(1). Let b = d + p. What is the units digit of b?
8
Suppose -5*g = -777 + 122. What is the tens digit of g?
3
Let y(p) be the second derivativ